{"id":2502,"date":"2021-08-04T07:28:12","date_gmt":"2021-08-04T05:28:12","guid":{"rendered":"https:\/\/www.termevenezia.it\/room\/camera-standard\/"},"modified":"2024-03-29T10:30:03","modified_gmt":"2024-03-29T09:30:03","slug":"chambre-standard","status":"publish","type":"room","link":"https:\/\/www.termevenezia.it\/fr\/chambre\/chambre-standard\/","title":{"rendered":"Chambre Standard"},"content":{"rendered":"\n<p>Les <strong>chambres Standard<\/strong> sont disponibles en <strong>chambre simple<\/strong> (lit fran\u00e7ais 131 cm \u2013 150 cm), en <strong>chambre double<\/strong> (avec lit double ou twin \u2013 2 lits) et en <strong>chambre triple<\/strong> (avec 3 lits).<\/p>\n\n\n\n<p>Nous disposons de <strong>chambres confortables<\/strong>, id\u00e9ales si vous recherchez un espace sobre et ordonn\u00e9. Le <strong>style neutre<\/strong> de la chambre Standard est sp\u00e9cialement con\u00e7u pour tous les clients qui souhaitent \u00e9chapper du chaos de la ville et de la vie fr\u00e9n\u00e9tique, pour se forger un espace rien que pour eux.<\/p>\n\n\n\n<p>Nous vous r\u00e9servons nos meilleures attentions durant les soins thermaux et les traitements de bien-\u00eatre.<\/p>\n\n\n\n<p>Les chambres standard varient de 16 m\u00b2 pour les simples \u00e0 20 m\u00b2 pour les triples. Les salles de bain, r\u00e9cemment restructur\u00e9es, vous feront appr\u00e9cier une simple douche revigorante.<\/p>\n","protected":false},"excerpt":{"rendered":"<p>Nous disposons de chambres confortables, id\u00e9ales si vous recherchez un espace sobre et ordonn\u00e9.<\/p>\n","protected":false},"author":1,"featured_media":3368,"template":"","meta":{"_acf_changed":false,"advgb_blocks_editor_width":"","advgb_blocks_columns_visual_guide":"","footnotes":""},"class_list":["post-2502","room","type-room","status-publish","has-post-thumbnail","hentry","entry"],"acf":{"room_priority":100,"room_message":"","room_button_text":"Votre oasis de tranquillit\u00e9","room_size":20,"room_occupancy":[{"room_occupancy_number":1},{"room_occupancy_number":2},{"room_occupancy_number":3}],"room_services_evidence":["personal_video","clean_hands","wifi"],"room_services":["personal_video","call","dry","https","soap","ac_unit","border_color","shower","wifi","grid_on","kitchen","dry_cleaning","bathroom_1","dry_cleaning_1","styler","elevator","pets","checkroom_1"],"room_set_evidence_services_single_room":["https","shower"],"room_gallery":[3368,1839,3362],"room_simple_booking":{"room_simple_booking_roomid":54731,"room_simple_booking_occupancy":2,"default_price":"129.99"},"room_similar_rooms":""},"yoast_head":"<!-- This site is optimized with the Yoast SEO plugin v25.7 - https:\/\/yoast.com\/wordpress\/plugins\/seo\/ -->\n<title>Chambre Standard - Terme Venezia<\/title>\n<meta name=\"description\" content=\"Chambres simples, doubles et triples id\u00e9ales pour un s\u00e9jour de soins et de d\u00e9tente. La zone pi\u00e9tonne d&#039;Abano est pr\u00e8s de l&#039;h\u00f4tel.\" \/>\n<meta name=\"robots\" content=\"index, follow, max-snippet:-1, max-image-preview:large, max-video-preview:-1\" \/>\n<link rel=\"canonical\" href=\"https:\/\/www.termevenezia.it\/fr\/chambre\/chambre-standard\/\" \/>\n<meta property=\"og:locale\" content=\"fr_FR\" \/>\n<meta property=\"og:type\" content=\"article\" \/>\n<meta property=\"og:title\" content=\"Chambre Standard - Terme Venezia\" \/>\n<meta property=\"og:description\" content=\"Chambres simples, doubles et triples id\u00e9ales pour un s\u00e9jour de soins et de d\u00e9tente. La zone pi\u00e9tonne d&#039;Abano est pr\u00e8s de l&#039;h\u00f4tel.\" \/>\n<meta property=\"og:url\" content=\"https:\/\/www.termevenezia.it\/fr\/chambre\/chambre-standard\/\" \/>\n<meta property=\"og:site_name\" content=\"Terme Venezia\" \/>\n<meta property=\"article:modified_time\" content=\"2024-03-29T09:30:03+00:00\" \/>\n<meta property=\"og:image\" content=\"https:\/\/www.termevenezia.it\/wp-content\/uploads\/2021\/08\/camera-comfort-hotel-venezia-abano_03.jpg\" \/>\n\t<meta property=\"og:image:width\" content=\"1800\" \/>\n\t<meta property=\"og:image:height\" content=\"1200\" \/>\n\t<meta property=\"og:image:type\" content=\"image\/jpeg\" \/>\n<meta name=\"twitter:card\" content=\"summary_large_image\" \/>\n<meta name=\"twitter:label1\" content=\"Dur\u00e9e de lecture estim\u00e9e\" \/>\n\t<meta name=\"twitter:data1\" content=\"1 minute\" \/>\n<script type=\"application\/ld+json\" class=\"yoast-schema-graph\">{\"@context\":\"https:\/\/schema.org\",\"@graph\":[{\"@type\":\"WebPage\",\"@id\":\"https:\/\/www.termevenezia.it\/fr\/chambre\/chambre-standard\/\",\"url\":\"https:\/\/www.termevenezia.it\/fr\/chambre\/chambre-standard\/\",\"name\":\"Chambre Standard - Terme Venezia\",\"isPartOf\":{\"@id\":\"https:\/\/www.termevenezia.it\/fr\/#website\"},\"primaryImageOfPage\":{\"@id\":\"https:\/\/www.termevenezia.it\/fr\/chambre\/chambre-standard\/#primaryimage\"},\"image\":{\"@id\":\"https:\/\/www.termevenezia.it\/fr\/chambre\/chambre-standard\/#primaryimage\"},\"thumbnailUrl\":\"https:\/\/www.termevenezia.it\/wp-content\/uploads\/2021\/08\/camera-comfort-hotel-venezia-abano_01.jpg\",\"datePublished\":\"2021-08-04T05:28:12+00:00\",\"dateModified\":\"2024-03-29T09:30:03+00:00\",\"description\":\"Chambres simples, doubles et triples id\u00e9ales pour un s\u00e9jour de soins et de d\u00e9tente. La zone pi\u00e9tonne d'Abano est pr\u00e8s de l'h\u00f4tel.\",\"breadcrumb\":{\"@id\":\"https:\/\/www.termevenezia.it\/fr\/chambre\/chambre-standard\/#breadcrumb\"},\"inLanguage\":\"fr-FR\",\"potentialAction\":[{\"@type\":\"ReadAction\",\"target\":[\"https:\/\/www.termevenezia.it\/fr\/chambre\/chambre-standard\/\"]}]},{\"@type\":\"ImageObject\",\"inLanguage\":\"fr-FR\",\"@id\":\"https:\/\/www.termevenezia.it\/fr\/chambre\/chambre-standard\/#primaryimage\",\"url\":\"https:\/\/www.termevenezia.it\/wp-content\/uploads\/2021\/08\/camera-comfort-hotel-venezia-abano_01.jpg\",\"contentUrl\":\"https:\/\/www.termevenezia.it\/wp-content\/uploads\/2021\/08\/camera-comfort-hotel-venezia-abano_01.jpg\",\"width\":1489,\"height\":993},{\"@type\":\"BreadcrumbList\",\"@id\":\"https:\/\/www.termevenezia.it\/fr\/chambre\/chambre-standard\/#breadcrumb\",\"itemListElement\":[{\"@type\":\"ListItem\",\"position\":1,\"name\":\"\",\"item\":\"https:\/\/www.termevenezia.it\/fr\/\"},{\"@type\":\"ListItem\",\"position\":2,\"name\":\"Chambre Standard\"}]},{\"@type\":\"WebSite\",\"@id\":\"https:\/\/www.termevenezia.it\/fr\/#website\",\"url\":\"https:\/\/www.termevenezia.it\/fr\/\",\"name\":\"Terme Venezia\",\"description\":\"\",\"potentialAction\":[{\"@type\":\"SearchAction\",\"target\":{\"@type\":\"EntryPoint\",\"urlTemplate\":\"https:\/\/www.termevenezia.it\/fr\/?s={search_term_string}\"},\"query-input\":{\"@type\":\"PropertyValueSpecification\",\"valueRequired\":true,\"valueName\":\"search_term_string\"}}],\"inLanguage\":\"fr-FR\"}]}<\/script>\n<!-- \/ Yoast SEO plugin. -->","yoast_head_json":{"title":"Chambre Standard - Terme Venezia","description":"Chambres simples, doubles et triples id\u00e9ales pour un s\u00e9jour de soins et de d\u00e9tente. La zone pi\u00e9tonne d'Abano est pr\u00e8s de l'h\u00f4tel.","robots":{"index":"index","follow":"follow","max-snippet":"max-snippet:-1","max-image-preview":"max-image-preview:large","max-video-preview":"max-video-preview:-1"},"canonical":"https:\/\/www.termevenezia.it\/fr\/chambre\/chambre-standard\/","og_locale":"fr_FR","og_type":"article","og_title":"Chambre Standard - Terme Venezia","og_description":"Chambres simples, doubles et triples id\u00e9ales pour un s\u00e9jour de soins et de d\u00e9tente. La zone pi\u00e9tonne d'Abano est pr\u00e8s de l'h\u00f4tel.","og_url":"https:\/\/www.termevenezia.it\/fr\/chambre\/chambre-standard\/","og_site_name":"Terme Venezia","article_modified_time":"2024-03-29T09:30:03+00:00","og_image":[{"width":1800,"height":1200,"url":"https:\/\/www.termevenezia.it\/wp-content\/uploads\/2021\/08\/camera-comfort-hotel-venezia-abano_03.jpg","type":"image\/jpeg"}],"twitter_card":"summary_large_image","twitter_misc":{"Dur\u00e9e de lecture estim\u00e9e":"1 minute"},"schema":{"@context":"https:\/\/schema.org","@graph":[{"@type":"WebPage","@id":"https:\/\/www.termevenezia.it\/fr\/chambre\/chambre-standard\/","url":"https:\/\/www.termevenezia.it\/fr\/chambre\/chambre-standard\/","name":"Chambre Standard - Terme Venezia","isPartOf":{"@id":"https:\/\/www.termevenezia.it\/fr\/#website"},"primaryImageOfPage":{"@id":"https:\/\/www.termevenezia.it\/fr\/chambre\/chambre-standard\/#primaryimage"},"image":{"@id":"https:\/\/www.termevenezia.it\/fr\/chambre\/chambre-standard\/#primaryimage"},"thumbnailUrl":"https:\/\/www.termevenezia.it\/wp-content\/uploads\/2021\/08\/camera-comfort-hotel-venezia-abano_01.jpg","datePublished":"2021-08-04T05:28:12+00:00","dateModified":"2024-03-29T09:30:03+00:00","description":"Chambres simples, doubles et triples id\u00e9ales pour un s\u00e9jour de soins et de d\u00e9tente. La zone pi\u00e9tonne d'Abano est pr\u00e8s de l'h\u00f4tel.","breadcrumb":{"@id":"https:\/\/www.termevenezia.it\/fr\/chambre\/chambre-standard\/#breadcrumb"},"inLanguage":"fr-FR","potentialAction":[{"@type":"ReadAction","target":["https:\/\/www.termevenezia.it\/fr\/chambre\/chambre-standard\/"]}]},{"@type":"ImageObject","inLanguage":"fr-FR","@id":"https:\/\/www.termevenezia.it\/fr\/chambre\/chambre-standard\/#primaryimage","url":"https:\/\/www.termevenezia.it\/wp-content\/uploads\/2021\/08\/camera-comfort-hotel-venezia-abano_01.jpg","contentUrl":"https:\/\/www.termevenezia.it\/wp-content\/uploads\/2021\/08\/camera-comfort-hotel-venezia-abano_01.jpg","width":1489,"height":993},{"@type":"BreadcrumbList","@id":"https:\/\/www.termevenezia.it\/fr\/chambre\/chambre-standard\/#breadcrumb","itemListElement":[{"@type":"ListItem","position":1,"name":"","item":"https:\/\/www.termevenezia.it\/fr\/"},{"@type":"ListItem","position":2,"name":"Chambre Standard"}]},{"@type":"WebSite","@id":"https:\/\/www.termevenezia.it\/fr\/#website","url":"https:\/\/www.termevenezia.it\/fr\/","name":"Terme Venezia","description":"","potentialAction":[{"@type":"SearchAction","target":{"@type":"EntryPoint","urlTemplate":"https:\/\/www.termevenezia.it\/fr\/?s={search_term_string}"},"query-input":{"@type":"PropertyValueSpecification","valueRequired":true,"valueName":"search_term_string"}}],"inLanguage":"fr-FR"}]}},"featured_img":"https:\/\/www.termevenezia.it\/wp-content\/uploads\/2021\/08\/camera-comfort-hotel-venezia-abano_01.jpg","coauthors":[],"author_meta":{"author_link":"https:\/\/www.termevenezia.it\/fr\/author\/t3mr4-v84ka0\/","display_name":"t3mr4-v84ka0"},"relative_dates":{"created":"Publi\u00e9 5 ans il y a","modified":"Mis \u00e0 jour 2 ans il y a"},"absolute_dates":{"created":"Publi\u00e9 le ao\u00fbt 4, 2021","modified":"Mise \u00e0 jour le mars 29, 2024"},"absolute_dates_time":{"created":"Publi\u00e9 le ao\u00fbt 4, 2021 7:28 am","modified":"Mise \u00e0 jour le mars 29, 2024 10:30 am"},"featured_img_caption":"","tax_additional":{"translation_priority":{"linked":["<a href=\"https:\/\/www.termevenezia.it\/fr\/?taxonomy=translation_priority&#038;term=facultatif-fr\" class=\"advgb-post-tax-term\">Facultatif<\/a>"],"unlinked":["<span class=\"advgb-post-tax-term\">Facultatif<\/span>"],"slug":"translation_priority","name":"Priorit\u00e9s de traduction"}},"series_order":"","_links":{"self":[{"href":"https:\/\/www.termevenezia.it\/fr\/wp-json\/wp\/v2\/room\/2502","targetHints":{"allow":["GET"]}}],"collection":[{"href":"https:\/\/www.termevenezia.it\/fr\/wp-json\/wp\/v2\/room"}],"about":[{"href":"https:\/\/www.termevenezia.it\/fr\/wp-json\/wp\/v2\/types\/room"}],"author":[{"embeddable":true,"href":"https:\/\/www.termevenezia.it\/fr\/wp-json\/wp\/v2\/users\/1"}],"version-history":[{"count":3,"href":"https:\/\/www.termevenezia.it\/fr\/wp-json\/wp\/v2\/room\/2502\/revisions"}],"predecessor-version":[{"id":12036,"href":"https:\/\/www.termevenezia.it\/fr\/wp-json\/wp\/v2\/room\/2502\/revisions\/12036"}],"acf:attachment":[{"embeddable":true,"href":"https:\/\/www.termevenezia.it\/fr\/wp-json\/wp\/v2\/media\/3362"},{"embeddable":true,"href":"https:\/\/www.termevenezia.it\/fr\/wp-json\/wp\/v2\/media\/1839"},{"embeddable":true,"href":"https:\/\/www.termevenezia.it\/fr\/wp-json\/wp\/v2\/media\/3368"}],"wp:featuredmedia":[{"embeddable":true,"href":"https:\/\/www.termevenezia.it\/fr\/wp-json\/wp\/v2\/media\/3368"}],"wp:attachment":[{"href":"https:\/\/www.termevenezia.it\/fr\/wp-json\/wp\/v2\/media?parent=2502"}],"curies":[{"name":"wp","href":"https:\/\/api.w.org\/{rel}","templated":true}]}}

<p>Les <strong>chambres Standard</strong> sont disponibles en <strong>chambre simple</strong> (lit français 131 cm – 150 cm), en <strong>chambre double</strong> (avec lit double ou twin – 2 lits) et en <strong>chambre triple</strong> (avec 3 lits).</p>



<p>Nous disposons de <strong>chambres confortables</strong>, idéales si vous recherchez un espace sobre et ordonné. Le <strong>style neutre</strong> de la chambre Standard est spécialement conçu pour tous les clients qui souhaitent échapper du chaos de la ville et de la vie frénétique, pour se forger un espace rien que pour eux.</p>



<p>Nous vous réservons nos meilleures attentions durant les soins thermaux et les traitements de bien-être.</p>



<p>Les chambres standard varient de 16 m² pour les simples à 20 m² pour les triples. Les salles de bain, récemment restructurées, vous feront apprécier une simple douche revigorante.</p>

<p>Nous disposons de chambres confortables, idéales si vous recherchez un espace sobre et ordonné.</p>

Votre oasis de tranquillité

<!-- This site is optimized with the Yoast SEO plugin v25.7 - https://yoast.com/wordpress/plugins/seo/ -->
<title>Chambre Standard - Terme Venezia</title>
<meta name="description" content="Chambres simples, doubles et triples idéales pour un séjour de soins et de détente. La zone piétonne d&#039;Abano est près de l&#039;hôtel." />
<meta name="robots" content="index, follow, max-snippet:-1, max-image-preview:large, max-video-preview:-1" />
<link rel="canonical" href="https://www.termevenezia.it/fr/chambre/chambre-standard/" />
<meta property="og:locale" content="fr_FR" />
<meta property="og:type" content="article" />
<meta property="og:title" content="Chambre Standard - Terme Venezia" />
<meta property="og:description" content="Chambres simples, doubles et triples idéales pour un séjour de soins et de détente. La zone piétonne d&#039;Abano est près de l&#039;hôtel." />
<meta property="og:url" content="https://www.termevenezia.it/fr/chambre/chambre-standard/" />
<meta property="og:site_name" content="Terme Venezia" />
<meta property="article:modified_time" content="2024-03-29T09:30:03+00:00" />
<meta property="og:image" content="https://www.termevenezia.it/wp-content/uploads/2021/08/camera-comfort-hotel-venezia-abano_03.jpg" />
	<meta property="og:image:width" content="1800" />
	<meta property="og:image:height" content="1200" />
	<meta property="og:image:type" content="image/jpeg" />
<meta name="twitter:card" content="summary_large_image" />
<meta name="twitter:label1" content="Durée de lecture estimée" />
	<meta name="twitter:data1" content="1 minute" />
<script type="application/ld+json" class="yoast-schema-graph">{"@context":"https://schema.org","@graph":[{"@type":"WebPage","@id":"https://www.termevenezia.it/fr/chambre/chambre-standard/","url":"https://www.termevenezia.it/fr/chambre/chambre-standard/","name":"Chambre Standard - Terme Venezia","isPartOf":{"@id":"https://www.termevenezia.it/fr/#website"},"primaryImageOfPage":{"@id":"https://www.termevenezia.it/fr/chambre/chambre-standard/#primaryimage"},"image":{"@id":"https://www.termevenezia.it/fr/chambre/chambre-standard/#primaryimage"},"thumbnailUrl":"https://www.termevenezia.it/wp-content/uploads/2021/08/camera-comfort-hotel-venezia-abano_01.jpg","datePublished":"2021-08-04T05:28:12+00:00","dateModified":"2024-03-29T09:30:03+00:00","description":"Chambres simples, doubles et triples idéales pour un séjour de soins et de détente. La zone piétonne d'Abano est près de l'hôtel.","breadcrumb":{"@id":"https://www.termevenezia.it/fr/chambre/chambre-standard/#breadcrumb"},"inLanguage":"fr-FR","potentialAction":[{"@type":"ReadAction","target":["https://www.termevenezia.it/fr/chambre/chambre-standard/"]}]},{"@type":"ImageObject","inLanguage":"fr-FR","@id":"https://www.termevenezia.it/fr/chambre/chambre-standard/#primaryimage","url":"https://www.termevenezia.it/wp-content/uploads/2021/08/camera-comfort-hotel-venezia-abano_01.jpg","contentUrl":"https://www.termevenezia.it/wp-content/uploads/2021/08/camera-comfort-hotel-venezia-abano_01.jpg","width":1489,"height":993},{"@type":"BreadcrumbList","@id":"https://www.termevenezia.it/fr/chambre/chambre-standard/#breadcrumb","itemListElement":[{"@type":"ListItem","position":1,"name":"","item":"https://www.termevenezia.it/fr/"},{"@type":"ListItem","position":2,"name":"Chambre Standard"}]},{"@type":"WebSite","@id":"https://www.termevenezia.it/fr/#website","url":"https://www.termevenezia.it/fr/","name":"Terme Venezia","description":"","potentialAction":[{"@type":"SearchAction","target":{"@type":"EntryPoint","urlTemplate":"https://www.termevenezia.it/fr/?s={search_term_string}"},"query-input":{"@type":"PropertyValueSpecification","valueRequired":true,"valueName":"search_term_string"}}],"inLanguage":"fr-FR"}]}</script>
<!-- / Yoast SEO plugin. -->

Chambres simples, doubles et triples idéales pour un séjour de soins et de détente. La zone piétonne d'Abano est près de l'hôtel.

Publié 5 ans il y a

Mis à jour 2 ans il y a

Publié le août 4, 2021

Mise à jour le mars 29, 2024

Publié le août 4, 2021 7:28 am

Mise à jour le mars 29, 2024 10:30 am

Priorités de traduction
