{"id":504,"date":"2021-08-04T07:36:37","date_gmt":"2021-08-04T05:36:37","guid":{"rendered":"https:\/\/www.termevenezia.it\/?post_type=room&#038;p=504"},"modified":"2025-03-14T13:33:28","modified_gmt":"2025-03-14T12:33:28","slug":"camera-comfort","status":"publish","type":"room","link":"https:\/\/www.termevenezia.it\/it\/camera\/camera-comfort\/","title":{"rendered":"Camera Comfort"},"content":{"rendered":"\n<p>Le&nbsp;<strong>camere Comfort<\/strong>&nbsp;sono disponibili in&nbsp;<strong>camera doppia<\/strong>&nbsp;(con letto matrimoniale o Twin \u2013 2 letti).<\/p>\n\n\n\n<p>Le&nbsp;<strong>camere Comfort<\/strong>&nbsp;sono le pi\u00f9&nbsp;<strong>luminose<\/strong>&nbsp;di tutto l\u2019albergo. Ideale per chi ha la necessit\u00e0 di ritrovare serenit\u00e0 e tranquillit\u00e0. La purezza degli arredi, dai toni tenui e gli ambienti luminosi, ti faranno vivere un\u2019esperienza rigenerante e distensiva. Dovrai solo rilassarti e lasciare le preoccupazioni fuori dalla stanza. A te pensiamo noi.<\/p>\n\n\n\n<p>Le&nbsp;<strong>camere Comfort&nbsp;<\/strong>variano dai 18 mt<sup>2<\/sup>&nbsp;ai 22 mt<sup>2<\/sup>&nbsp;e se la&nbsp;<strong>luminosit\u00e0 naturale<\/strong>&nbsp;della stanza non&nbsp; basta, puoi sempre affacciarti sul&nbsp;<strong>balcone<\/strong>&nbsp;per prendere una boccata d\u2019aria e godere della vista sul verde del&nbsp;<strong>giardino privato dell\u2019Hotel<\/strong>.<\/p>\n","protected":false},"excerpt":{"rendered":"<p>Le pi\u00f9 luminose di tutto l\u2019albergo, sono l&#8217;ideale per chi vuole di ritrovare serenit\u00e0 e tranquillit\u00e0. <\/p>\n","protected":false},"author":1,"featured_media":597,"template":"","meta":{"_acf_changed":false,"advgb_blocks_editor_width":"","advgb_blocks_columns_visual_guide":"","footnotes":""},"class_list":["post-504","room","type-room","status-publish","has-post-thumbnail","hentry","entry"],"acf":{"room_priority":90,"room_message":"","room_button_text":"Il comfort che meriti","room_size":22,"room_occupancy":[{"room_occupancy_number":1},{"room_occupancy_number":2},{"room_occupancy_number":3}],"room_services_evidence":["deck","clean_hands","wifi"],"room_services":["personal_video","call","dry","https","deck","soap","ac_unit","border_color","shower","wifi","grid_on","kitchen","apps","dry_cleaning","bathroom_1","dry_cleaning_1","styler","elevator","pets","checkroom_1","allergy"],"room_set_evidence_services_single_room":["deck"],"room_gallery":[597,589,595,599,593],"room_simple_booking":{"room_simple_booking_roomid":54738,"room_simple_booking_occupancy":2,"default_price":"149.99"},"room_similar_rooms":""},"yoast_head":"<!-- This site is optimized with the Yoast SEO plugin v25.7 - https:\/\/yoast.com\/wordpress\/plugins\/seo\/ -->\n<title>Camera Comfort - Terme Venezia<\/title>\n<meta name=\"description\" content=\"Le camere Comfort sono disponibili in camera doppia e sono le pi\u00f9 luminose di tutto l&#039;albergo. Dotate di terrazza.\" \/>\n<meta name=\"robots\" content=\"index, follow, max-snippet:-1, max-image-preview:large, max-video-preview:-1\" \/>\n<link rel=\"canonical\" href=\"https:\/\/www.termevenezia.it\/it\/camera\/camera-comfort\/\" \/>\n<meta property=\"og:locale\" content=\"it_IT\" \/>\n<meta property=\"og:type\" content=\"article\" \/>\n<meta property=\"og:title\" content=\"Camera Comfort - Terme Venezia\" \/>\n<meta property=\"og:description\" content=\"Le camere Comfort sono disponibili in camera doppia e sono le pi\u00f9 luminose di tutto l&#039;albergo. Dotate di terrazza.\" \/>\n<meta property=\"og:url\" content=\"https:\/\/www.termevenezia.it\/it\/camera\/camera-comfort\/\" \/>\n<meta property=\"og:site_name\" content=\"Terme Venezia\" \/>\n<meta property=\"article:modified_time\" content=\"2025-03-14T12:33:28+00:00\" \/>\n<meta property=\"og:image\" content=\"https:\/\/www.termevenezia.it\/wp-content\/uploads\/2021\/08\/camera-comfort-hotel-venezia-abano_04.jpg\" \/>\n\t<meta property=\"og:image:width\" content=\"1200\" \/>\n\t<meta property=\"og:image:height\" content=\"776\" \/>\n\t<meta property=\"og:image:type\" content=\"image\/jpeg\" \/>\n<meta name=\"twitter:card\" content=\"summary_large_image\" \/>\n<meta name=\"twitter:label1\" content=\"Tempo di lettura stimato\" \/>\n\t<meta name=\"twitter:data1\" content=\"1 minuto\" \/>\n<script type=\"application\/ld+json\" class=\"yoast-schema-graph\">{\"@context\":\"https:\/\/schema.org\",\"@graph\":[{\"@type\":\"WebPage\",\"@id\":\"https:\/\/www.termevenezia.it\/it\/camera\/camera-comfort\/\",\"url\":\"https:\/\/www.termevenezia.it\/it\/camera\/camera-comfort\/\",\"name\":\"Camera Comfort - Terme Venezia\",\"isPartOf\":{\"@id\":\"https:\/\/www.termevenezia.it\/it\/#website\"},\"primaryImageOfPage\":{\"@id\":\"https:\/\/www.termevenezia.it\/it\/camera\/camera-comfort\/#primaryimage\"},\"image\":{\"@id\":\"https:\/\/www.termevenezia.it\/it\/camera\/camera-comfort\/#primaryimage\"},\"thumbnailUrl\":\"https:\/\/www.termevenezia.it\/wp-content\/uploads\/2021\/08\/camera-comfort-hotel-venezia-abano_04.jpg\",\"datePublished\":\"2021-08-04T05:36:37+00:00\",\"dateModified\":\"2025-03-14T12:33:28+00:00\",\"description\":\"Le camere Comfort sono disponibili in camera doppia e sono le pi\u00f9 luminose di tutto l'albergo. Dotate di terrazza.\",\"breadcrumb\":{\"@id\":\"https:\/\/www.termevenezia.it\/it\/camera\/camera-comfort\/#breadcrumb\"},\"inLanguage\":\"it-IT\",\"potentialAction\":[{\"@type\":\"ReadAction\",\"target\":[\"https:\/\/www.termevenezia.it\/it\/camera\/camera-comfort\/\"]}]},{\"@type\":\"ImageObject\",\"inLanguage\":\"it-IT\",\"@id\":\"https:\/\/www.termevenezia.it\/it\/camera\/camera-comfort\/#primaryimage\",\"url\":\"https:\/\/www.termevenezia.it\/wp-content\/uploads\/2021\/08\/camera-comfort-hotel-venezia-abano_04.jpg\",\"contentUrl\":\"https:\/\/www.termevenezia.it\/wp-content\/uploads\/2021\/08\/camera-comfort-hotel-venezia-abano_04.jpg\",\"width\":1200,\"height\":776},{\"@type\":\"BreadcrumbList\",\"@id\":\"https:\/\/www.termevenezia.it\/it\/camera\/camera-comfort\/#breadcrumb\",\"itemListElement\":[{\"@type\":\"ListItem\",\"position\":1,\"name\":\"\",\"item\":\"https:\/\/www.termevenezia.it\/it\/\"},{\"@type\":\"ListItem\",\"position\":2,\"name\":\"Camera Comfort\"}]},{\"@type\":\"WebSite\",\"@id\":\"https:\/\/www.termevenezia.it\/it\/#website\",\"url\":\"https:\/\/www.termevenezia.it\/it\/\",\"name\":\"Terme Venezia\",\"description\":\"\",\"potentialAction\":[{\"@type\":\"SearchAction\",\"target\":{\"@type\":\"EntryPoint\",\"urlTemplate\":\"https:\/\/www.termevenezia.it\/it\/?s={search_term_string}\"},\"query-input\":{\"@type\":\"PropertyValueSpecification\",\"valueRequired\":true,\"valueName\":\"search_term_string\"}}],\"inLanguage\":\"it-IT\"}]}<\/script>\n<!-- \/ Yoast SEO plugin. -->","yoast_head_json":{"title":"Camera Comfort - Terme Venezia","description":"Le camere Comfort sono disponibili in camera doppia e sono le pi\u00f9 luminose di tutto l'albergo. Dotate di terrazza.","robots":{"index":"index","follow":"follow","max-snippet":"max-snippet:-1","max-image-preview":"max-image-preview:large","max-video-preview":"max-video-preview:-1"},"canonical":"https:\/\/www.termevenezia.it\/it\/camera\/camera-comfort\/","og_locale":"it_IT","og_type":"article","og_title":"Camera Comfort - Terme Venezia","og_description":"Le camere Comfort sono disponibili in camera doppia e sono le pi\u00f9 luminose di tutto l'albergo. Dotate di terrazza.","og_url":"https:\/\/www.termevenezia.it\/it\/camera\/camera-comfort\/","og_site_name":"Terme Venezia","article_modified_time":"2025-03-14T12:33:28+00:00","og_image":[{"width":1200,"height":776,"url":"https:\/\/www.termevenezia.it\/wp-content\/uploads\/2021\/08\/camera-comfort-hotel-venezia-abano_04.jpg","type":"image\/jpeg"}],"twitter_card":"summary_large_image","twitter_misc":{"Tempo di lettura stimato":"1 minuto"},"schema":{"@context":"https:\/\/schema.org","@graph":[{"@type":"WebPage","@id":"https:\/\/www.termevenezia.it\/it\/camera\/camera-comfort\/","url":"https:\/\/www.termevenezia.it\/it\/camera\/camera-comfort\/","name":"Camera Comfort - Terme Venezia","isPartOf":{"@id":"https:\/\/www.termevenezia.it\/it\/#website"},"primaryImageOfPage":{"@id":"https:\/\/www.termevenezia.it\/it\/camera\/camera-comfort\/#primaryimage"},"image":{"@id":"https:\/\/www.termevenezia.it\/it\/camera\/camera-comfort\/#primaryimage"},"thumbnailUrl":"https:\/\/www.termevenezia.it\/wp-content\/uploads\/2021\/08\/camera-comfort-hotel-venezia-abano_04.jpg","datePublished":"2021-08-04T05:36:37+00:00","dateModified":"2025-03-14T12:33:28+00:00","description":"Le camere Comfort sono disponibili in camera doppia e sono le pi\u00f9 luminose di tutto l'albergo. Dotate di terrazza.","breadcrumb":{"@id":"https:\/\/www.termevenezia.it\/it\/camera\/camera-comfort\/#breadcrumb"},"inLanguage":"it-IT","potentialAction":[{"@type":"ReadAction","target":["https:\/\/www.termevenezia.it\/it\/camera\/camera-comfort\/"]}]},{"@type":"ImageObject","inLanguage":"it-IT","@id":"https:\/\/www.termevenezia.it\/it\/camera\/camera-comfort\/#primaryimage","url":"https:\/\/www.termevenezia.it\/wp-content\/uploads\/2021\/08\/camera-comfort-hotel-venezia-abano_04.jpg","contentUrl":"https:\/\/www.termevenezia.it\/wp-content\/uploads\/2021\/08\/camera-comfort-hotel-venezia-abano_04.jpg","width":1200,"height":776},{"@type":"BreadcrumbList","@id":"https:\/\/www.termevenezia.it\/it\/camera\/camera-comfort\/#breadcrumb","itemListElement":[{"@type":"ListItem","position":1,"name":"","item":"https:\/\/www.termevenezia.it\/it\/"},{"@type":"ListItem","position":2,"name":"Camera Comfort"}]},{"@type":"WebSite","@id":"https:\/\/www.termevenezia.it\/it\/#website","url":"https:\/\/www.termevenezia.it\/it\/","name":"Terme Venezia","description":"","potentialAction":[{"@type":"SearchAction","target":{"@type":"EntryPoint","urlTemplate":"https:\/\/www.termevenezia.it\/it\/?s={search_term_string}"},"query-input":{"@type":"PropertyValueSpecification","valueRequired":true,"valueName":"search_term_string"}}],"inLanguage":"it-IT"}]}},"featured_img":"https:\/\/www.termevenezia.it\/wp-content\/uploads\/2021\/08\/camera-comfort-hotel-venezia-abano_04.jpg","coauthors":[],"author_meta":{"author_link":"https:\/\/www.termevenezia.it\/it\/author\/t3mr4-v84ka0\/","display_name":"t3mr4-v84ka0"},"relative_dates":{"created":"Pubblicato 5 anni fa","modified":"Aggiornato 1 anno fa"},"absolute_dates":{"created":"Pubblicato il Agosto 4, 2021","modified":"Aggiornato il Marzo 14, 2025"},"absolute_dates_time":{"created":"Pubblicato il Agosto 4, 2021 7:36 am","modified":"Aggiornato il Marzo 14, 2025 1:33 pm"},"featured_img_caption":"","tax_additional":{"translation_priority":{"linked":["<a href=\"https:\/\/www.termevenezia.it\/it\/?taxonomy=translation_priority&#038;term=optional-2\" class=\"advgb-post-tax-term\">Optional<\/a>"],"unlinked":["<span class=\"advgb-post-tax-term\">Optional<\/span>"],"slug":"translation_priority","name":"Priorit\u00e0 di Traduzione"}},"series_order":"","_links":{"self":[{"href":"https:\/\/www.termevenezia.it\/it\/wp-json\/wp\/v2\/room\/504","targetHints":{"allow":["GET"]}}],"collection":[{"href":"https:\/\/www.termevenezia.it\/it\/wp-json\/wp\/v2\/room"}],"about":[{"href":"https:\/\/www.termevenezia.it\/it\/wp-json\/wp\/v2\/types\/room"}],"author":[{"embeddable":true,"href":"https:\/\/www.termevenezia.it\/it\/wp-json\/wp\/v2\/users\/1"}],"version-history":[{"count":16,"href":"https:\/\/www.termevenezia.it\/it\/wp-json\/wp\/v2\/room\/504\/revisions"}],"predecessor-version":[{"id":16556,"href":"https:\/\/www.termevenezia.it\/it\/wp-json\/wp\/v2\/room\/504\/revisions\/16556"}],"acf:attachment":[{"embeddable":true,"href":"https:\/\/www.termevenezia.it\/it\/wp-json\/wp\/v2\/media\/593"},{"embeddable":true,"href":"https:\/\/www.termevenezia.it\/it\/wp-json\/wp\/v2\/media\/599"},{"embeddable":true,"href":"https:\/\/www.termevenezia.it\/it\/wp-json\/wp\/v2\/media\/595"},{"embeddable":true,"href":"https:\/\/www.termevenezia.it\/it\/wp-json\/wp\/v2\/media\/589"},{"embeddable":true,"href":"https:\/\/www.termevenezia.it\/it\/wp-json\/wp\/v2\/media\/597"}],"wp:featuredmedia":[{"embeddable":true,"href":"https:\/\/www.termevenezia.it\/it\/wp-json\/wp\/v2\/media\/597"}],"wp:attachment":[{"href":"https:\/\/www.termevenezia.it\/it\/wp-json\/wp\/v2\/media?parent=504"}],"curies":[{"name":"wp","href":"https:\/\/api.w.org\/{rel}","templated":true}]}}

<p>Le&nbsp;<strong>camere Comfort</strong>&nbsp;sono disponibili in&nbsp;<strong>camera doppia</strong>&nbsp;(con letto matrimoniale o Twin – 2 letti).</p>



<p>Le&nbsp;<strong>camere Comfort</strong>&nbsp;sono le più&nbsp;<strong>luminose</strong>&nbsp;di tutto l’albergo. Ideale per chi ha la necessità di ritrovare serenità e tranquillità. La purezza degli arredi, dai toni tenui e gli ambienti luminosi, ti faranno vivere un’esperienza rigenerante e distensiva. Dovrai solo rilassarti e lasciare le preoccupazioni fuori dalla stanza. A te pensiamo noi.</p>



<p>Le&nbsp;<strong>camere Comfort&nbsp;</strong>variano dai 18 mt<sup>2</sup>&nbsp;ai 22 mt<sup>2</sup>&nbsp;e se la&nbsp;<strong>luminosità naturale</strong>&nbsp;della stanza non&nbsp; basta, puoi sempre affacciarti sul&nbsp;<strong>balcone</strong>&nbsp;per prendere una boccata d’aria e godere della vista sul verde del&nbsp;<strong>giardino privato dell’Hotel</strong>.</p>

<p>Le più luminose di tutto l’albergo, sono l&#8217;ideale per chi vuole di ritrovare serenità e tranquillità. </p>

<!-- This site is optimized with the Yoast SEO plugin v25.7 - https://yoast.com/wordpress/plugins/seo/ -->
<title>Camera Comfort - Terme Venezia</title>
<meta name="description" content="Le camere Comfort sono disponibili in camera doppia e sono le più luminose di tutto l&#039;albergo. Dotate di terrazza." />
<meta name="robots" content="index, follow, max-snippet:-1, max-image-preview:large, max-video-preview:-1" />
<link rel="canonical" href="https://www.termevenezia.it/it/camera/camera-comfort/" />
<meta property="og:locale" content="it_IT" />
<meta property="og:type" content="article" />
<meta property="og:title" content="Camera Comfort - Terme Venezia" />
<meta property="og:description" content="Le camere Comfort sono disponibili in camera doppia e sono le più luminose di tutto l&#039;albergo. Dotate di terrazza." />
<meta property="og:url" content="https://www.termevenezia.it/it/camera/camera-comfort/" />
<meta property="og:site_name" content="Terme Venezia" />
<meta property="article:modified_time" content="2025-03-14T12:33:28+00:00" />
<meta property="og:image" content="https://www.termevenezia.it/wp-content/uploads/2021/08/camera-comfort-hotel-venezia-abano_04.jpg" />
	<meta property="og:image:width" content="1200" />
	<meta property="og:image:height" content="776" />
	<meta property="og:image:type" content="image/jpeg" />
<meta name="twitter:card" content="summary_large_image" />
<meta name="twitter:label1" content="Tempo di lettura stimato" />
	<meta name="twitter:data1" content="1 minuto" />
<script type="application/ld+json" class="yoast-schema-graph">{"@context":"https://schema.org","@graph":[{"@type":"WebPage","@id":"https://www.termevenezia.it/it/camera/camera-comfort/","url":"https://www.termevenezia.it/it/camera/camera-comfort/","name":"Camera Comfort - Terme Venezia","isPartOf":{"@id":"https://www.termevenezia.it/it/#website"},"primaryImageOfPage":{"@id":"https://www.termevenezia.it/it/camera/camera-comfort/#primaryimage"},"image":{"@id":"https://www.termevenezia.it/it/camera/camera-comfort/#primaryimage"},"thumbnailUrl":"https://www.termevenezia.it/wp-content/uploads/2021/08/camera-comfort-hotel-venezia-abano_04.jpg","datePublished":"2021-08-04T05:36:37+00:00","dateModified":"2025-03-14T12:33:28+00:00","description":"Le camere Comfort sono disponibili in camera doppia e sono le più luminose di tutto l'albergo. Dotate di terrazza.","breadcrumb":{"@id":"https://www.termevenezia.it/it/camera/camera-comfort/#breadcrumb"},"inLanguage":"it-IT","potentialAction":[{"@type":"ReadAction","target":["https://www.termevenezia.it/it/camera/camera-comfort/"]}]},{"@type":"ImageObject","inLanguage":"it-IT","@id":"https://www.termevenezia.it/it/camera/camera-comfort/#primaryimage","url":"https://www.termevenezia.it/wp-content/uploads/2021/08/camera-comfort-hotel-venezia-abano_04.jpg","contentUrl":"https://www.termevenezia.it/wp-content/uploads/2021/08/camera-comfort-hotel-venezia-abano_04.jpg","width":1200,"height":776},{"@type":"BreadcrumbList","@id":"https://www.termevenezia.it/it/camera/camera-comfort/#breadcrumb","itemListElement":[{"@type":"ListItem","position":1,"name":"","item":"https://www.termevenezia.it/it/"},{"@type":"ListItem","position":2,"name":"Camera Comfort"}]},{"@type":"WebSite","@id":"https://www.termevenezia.it/it/#website","url":"https://www.termevenezia.it/it/","name":"Terme Venezia","description":"","potentialAction":[{"@type":"SearchAction","target":{"@type":"EntryPoint","urlTemplate":"https://www.termevenezia.it/it/?s={search_term_string}"},"query-input":{"@type":"PropertyValueSpecification","valueRequired":true,"valueName":"search_term_string"}}],"inLanguage":"it-IT"}]}</script>
<!-- / Yoast SEO plugin. -->

Le camere Comfort sono disponibili in camera doppia e sono le più luminose di tutto l'albergo. Dotate di terrazza.

Priorità di Traduzione
